{"id":1374,"date":"2022-06-24T16:01:45","date_gmt":"2022-06-24T16:01:45","guid":{"rendered":"http:\/\/puertoquequenstore.com\/?page_id=1374"},"modified":"2022-07-20T20:29:16","modified_gmt":"2022-07-20T20:29:16","slug":"recetas","status":"publish","type":"page","link":"https:\/\/puertoquequenstore.com\/index.php\/recetas\/","title":{"rendered":"Recetas"},"content":{"rendered":"\t\t<div data-elementor-type=\"wp-page\" data-elementor-id=\"1374\" class=\"elementor elementor-1374\">\n\t\t\t\t\t\t\t\t\t<section class=\"elementor-section elementor-top-section elementor-element elementor-element-7ae7fa0 elementor-section-boxed elementor-section-height-default elementor-section-height-default\" data-id=\"7ae7fa0\" data-element_type=\"section\">\n\t\t\t\t\t\t<div class=\"elementor-container elementor-column-gap-default\">\n\t\t\t\t\t<div class=\"elementor-column elementor-col-100 elementor-top-column elementor-element elementor-element-4ebbfab\" data-id=\"4ebbfab\" data-element_type=\"column\">\n\t\t\t<div class=\"elementor-widget-wrap elementor-element-populated\">\n\t\t\t\t\t\t\t\t<div class=\"elementor-element elementor-element-94977bf elementor-widget elementor-widget-heading\" data-id=\"94977bf\" data-element_type=\"widget\" data-widget_type=\"heading.default\">\n\t\t\t\t<div class=\"elementor-widget-container\">\n\t\t\t<style>\/*! elementor - v3.6.1 - 23-03-2022 *\/\n.elementor-heading-title{padding:0;margin:0;line-height:1}.elementor-widget-heading .elementor-heading-title[class*=elementor-size-]>a{color:inherit;font-size:inherit;line-height:inherit}.elementor-widget-heading .elementor-heading-title.elementor-size-small{font-size:15px}.elementor-widget-heading .elementor-heading-title.elementor-size-medium{font-size:19px}.elementor-widget-heading .elementor-heading-title.elementor-size-large{font-size:29px}.elementor-widget-heading .elementor-heading-title.elementor-size-xl{font-size:39px}.elementor-widget-heading .elementor-heading-title.elementor-size-xxl{font-size:59px}<\/style><h2 class=\"elementor-heading-title elementor-size-default\">REcetas<\/h2>\t\t<\/div>\n\t\t\t\t<\/div>\n\t\t\t\t\t<\/div>\n\t\t<\/div>\n\t\t\t\t\t\t\t<\/div>\n\t\t<\/section>\n\t\t\t\t<section class=\"elementor-section elementor-top-section elementor-element elementor-element-a2ad991 elementor-section-boxed elementor-section-height-default elementor-section-height-default\" data-id=\"a2ad991\" data-element_type=\"section\" id=\"ensalada\">\n\t\t\t\t\t\t<div class=\"elementor-container elementor-column-gap-default\">\n\t\t\t\t\t<div class=\"elementor-column elementor-col-100 elementor-top-column elementor-element elementor-element-fbae122\" data-id=\"fbae122\" data-element_type=\"column\">\n\t\t\t<div class=\"elementor-widget-wrap elementor-element-populated\">\n\t\t\t\t\t\t\t\t<div class=\"elementor-element elementor-element-a40ba61 elementor-widget elementor-widget-heading\" data-id=\"a40ba61\" data-element_type=\"widget\" data-widget_type=\"heading.default\">\n\t\t\t\t<div class=\"elementor-widget-container\">\n\t\t\t<h2 class=\"elementor-heading-title elementor-size-default\"><a href=\"https:\/\/puertoquequenstore.com\/index.php\/tienda-2\/#pesca\">ensalada de camarones con palta<\/a><\/h2>\t\t<\/div>\n\t\t\t\t<\/div>\n\t\t\t\t\t<\/div>\n\t\t<\/div>\n\t\t\t\t\t\t\t<\/div>\n\t\t<\/section>\n\t\t\t\t<section class=\"elementor-section elementor-top-section elementor-element elementor-element-f589fc0 elementor-section-boxed elementor-section-height-default elementor-section-height-default\" data-id=\"f589fc0\" data-element_type=\"section\">\n\t\t\t\t\t\t<div class=\"elementor-container elementor-column-gap-default\">\n\t\t\t\t\t<div class=\"elementor-column elementor-col-50 elementor-top-column elementor-element elementor-element-042ff4a\" data-id=\"042ff4a\" data-element_type=\"column\">\n\t\t\t<div class=\"elementor-widget-wrap elementor-element-populated\">\n\t\t\t\t\t\t\t\t<div class=\"elementor-element elementor-element-e9b739c elementor-widget elementor-widget-image\" data-id=\"e9b739c\" data-element_type=\"widget\" data-widget_type=\"image.default\">\n\t\t\t\t<div class=\"elementor-widget-container\">\n\t\t\t<style>\/*! elementor - v3.6.1 - 23-03-2022 *\/\n.elementor-widget-image{text-align:center}.elementor-widget-image a{display:inline-block}.elementor-widget-image a img[src$=\".svg\"]{width:48px}.elementor-widget-image img{vertical-align:middle;display:inline-block}<\/style>\t\t\t\t\t\t\t\t\t\t\t\t<img width=\"800\" height=\"541\" src=\"https:\/\/puertoquequenstore.com\/wp-content\/uploads\/2022\/06\/ensalada.png\" class=\"attachment-large size-large\" alt=\"\" loading=\"lazy\" srcset=\"https:\/\/puertoquequenstore.com\/wp-content\/uploads\/2022\/06\/ensalada.png 884w, https:\/\/puertoquequenstore.com\/wp-content\/uploads\/2022\/06\/ensalada-300x203.png 300w, https:\/\/puertoquequenstore.com\/wp-content\/uploads\/2022\/06\/ensalada-768x520.png 768w, https:\/\/puertoquequenstore.com\/wp-content\/uploads\/2022\/06\/ensalada-600x406.png 600w\" sizes=\"(max-width: 800px) 100vw, 800px\" \/>\t\t\t\t\t\t\t\t\t\t\t\t\t\t\t<\/div>\n\t\t\t\t<\/div>\n\t\t\t\t\t<\/div>\n\t\t<\/div>\n\t\t\t\t<div class=\"elementor-column elementor-col-50 elementor-top-column elementor-element elementor-element-ff41041\" data-id=\"ff41041\" data-element_type=\"column\">\n\t\t\t<div class=\"elementor-widget-wrap elementor-element-populated\">\n\t\t\t\t\t\t\t\t<div class=\"elementor-element elementor-element-425fcd8 elementor-widget elementor-widget-text-editor\" data-id=\"425fcd8\" data-element_type=\"widget\" data-widget_type=\"text-editor.default\">\n\t\t\t\t<div class=\"elementor-widget-container\">\n\t\t\t<style>\/*! elementor - v3.6.1 - 23-03-2022 *\/\n.elementor-widget-text-editor.elementor-drop-cap-view-stacked .elementor-drop-cap{background-color:#818a91;color:#fff}.elementor-widget-text-editor.elementor-drop-cap-view-framed .elementor-drop-cap{color:#818a91;border:3px solid;background-color:transparent}.elementor-widget-text-editor:not(.elementor-drop-cap-view-default) .elementor-drop-cap{margin-top:8px}.elementor-widget-text-editor:not(.elementor-drop-cap-view-default) .elementor-drop-cap-letter{width:1em;height:1em}.elementor-widget-text-editor .elementor-drop-cap{float:left;text-align:center;line-height:1;font-size:50px}.elementor-widget-text-editor .elementor-drop-cap-letter{display:inline-block}<\/style>\t\t\t\t<p>Ensalada de Camarones con Palta<br \/>Ingredientes:<br \/>&#8211; 1 taza de camarones cocidos y pelados<br \/>&#8211; \u00bd taza de coco rallado<br \/>&#8211; \u00bd taza de pan rallado<br \/>&#8211; 1 taza de harina<br \/>&#8211; 3 Huevos <br \/>\u00a0&#8211; Aceite para fre\u00edr<br \/>\uf0b7 En un plato hondo, pon harina y en otro el pan rallado mezclado con<br \/>el coco.<br \/>\uf0b7 En otro plato hondo, pon los huevos y b\u00e1telos hasta que quede una<br \/>mezcla homog\u00e9nea.<br \/>\uf0b7 Pasa los camarones por harina y sac\u00fadelos, luego p\u00e1salos por los<br \/>huevos batidos y finalmente por la mezcla de pan rallado con coco.<br \/>\uf0b7 Calienta una sart\u00e9n grande con abundante aceite y fr\u00ede los camarones<br \/>hasta que est\u00e9n dorados.<br \/>\uf0b7 Ponlos en una bandeja con papel absorbente, para quitar el exceso de<br \/>aceite, y ya est\u00e1n listos para servir.<\/p>\t\t\t\t\t\t<\/div>\n\t\t\t\t<\/div>\n\t\t\t\t\t<\/div>\n\t\t<\/div>\n\t\t\t\t\t\t\t<\/div>\n\t\t<\/section>\n\t\t\t\t<section class=\"elementor-section elementor-top-section elementor-element elementor-element-19fafe5 elementor-section-boxed elementor-section-height-default elementor-section-height-default\" data-id=\"19fafe5\" data-element_type=\"section\" id=\"rabas\">\n\t\t\t\t\t\t<div class=\"elementor-container elementor-column-gap-default\">\n\t\t\t\t\t<div class=\"elementor-column elementor-col-100 elementor-top-column elementor-element elementor-element-6af7736\" data-id=\"6af7736\" data-element_type=\"column\">\n\t\t\t<div class=\"elementor-widget-wrap elementor-element-populated\">\n\t\t\t\t\t\t\t\t<div class=\"elementor-element elementor-element-2be760b elementor-widget elementor-widget-heading\" data-id=\"2be760b\" data-element_type=\"widget\" data-widget_type=\"heading.default\">\n\t\t\t\t<div class=\"elementor-widget-container\">\n\t\t\t<h2 class=\"elementor-heading-title elementor-size-default\"><a href=\"https:\/\/puertoquequenstore.com\/index.php\/tienda-2\/#pesca\">Rabas al Horno<\/a><\/h2>\t\t<\/div>\n\t\t\t\t<\/div>\n\t\t\t\t\t<\/div>\n\t\t<\/div>\n\t\t\t\t\t\t\t<\/div>\n\t\t<\/section>\n\t\t\t\t<section class=\"elementor-section elementor-top-section elementor-element elementor-element-b1a7465 elementor-section-boxed elementor-section-height-default elementor-section-height-default\" data-id=\"b1a7465\" data-element_type=\"section\">\n\t\t\t\t\t\t<div class=\"elementor-container elementor-column-gap-default\">\n\t\t\t\t\t<div class=\"elementor-column elementor-col-50 elementor-top-column elementor-element elementor-element-ede09cc\" data-id=\"ede09cc\" data-element_type=\"column\">\n\t\t\t<div class=\"elementor-widget-wrap elementor-element-populated\">\n\t\t\t\t\t\t\t\t<div class=\"elementor-element elementor-element-273e04e elementor-widget elementor-widget-text-editor\" data-id=\"273e04e\" data-element_type=\"widget\" data-widget_type=\"text-editor.default\">\n\t\t\t\t<div class=\"elementor-widget-container\">\n\t\t\t\t\t\t\t<p>Para un delicioso aperitivo o guarnici\u00f3n. \u00a1Una Versi\u00f3n m\u00e1s saludable de las<br \/>rabas de calamares fritas!<br \/>Ingredientes<br \/>\uf0b7 500 grs de anillos de calamar congelados<br \/>\uf0b7 \u00bd lim\u00f3n<br \/>\uf0b7 2 huevos grandes<br \/>\uf0b7 \u00bd taza de harina<br \/>\uf0b7 2 tazas de panko sazonado<br \/>\uf0b7 Salsa de tomates de ketchup<br \/>Instrucciones<br \/>Precalentar el horno. Cubre 2 bandejas para hornear con papel de manteca.<br \/>Descongela completamente tus anillos de calamar. En un taz\u00f3n peque\u00f1o, bate<br \/>los 2 huevos y reserva. En un recipiente aparte, agrega la harina. En un tercer<br \/>taz\u00f3n, agrega el panko.<\/p><p>Cubre ligeramente un anillo de calamar con harina, golpea el anillo contra el<br \/>borde del taz\u00f3n, para que salga el exceso de harina.<br \/>Sumerge tu anillo de calamar en huevo para cubrirlo y quita el exceso de goteo<br \/>de huevo (debes tener cuidado de no tener demasiado huevo en tu anillo de<br \/>calamar para que las migas de panko no se humedezcan). Pasa tu anillo de<br \/>calamar varias veces por el panko hasta que est\u00e9 completamente cubierto.<br \/>Coloca el anillo de calamar en una bandeja para hornear. Repite con los anillos<br \/>restantes.<br \/>Hornea durante 15-20 minutos hasta que el recubrimiento exterior se dore.<br \/>Voltea los anillos y hornea por 10 minutos adicionales o hasta que ambos lados<br \/>est\u00e9n crujientes.<br \/>Servir caliente con salsa de tomate o ketchup. Si lo deseas, exprime el jugo de<br \/>lim\u00f3n fresco sobre los calamares terminados justo antes de servir.<\/p>\t\t\t\t\t\t<\/div>\n\t\t\t\t<\/div>\n\t\t\t\t\t<\/div>\n\t\t<\/div>\n\t\t\t\t<div class=\"elementor-column elementor-col-50 elementor-top-column elementor-element elementor-element-31f14c1\" data-id=\"31f14c1\" data-element_type=\"column\">\n\t\t\t<div class=\"elementor-widget-wrap elementor-element-populated\">\n\t\t\t\t\t\t\t\t<div class=\"elementor-element elementor-element-ba1c607 elementor-widget elementor-widget-image\" data-id=\"ba1c607\" data-element_type=\"widget\" data-widget_type=\"image.default\">\n\t\t\t\t<div class=\"elementor-widget-container\">\n\t\t\t\t\t\t\t\t\t\t\t\t\t\t\t<img width=\"800\" height=\"531\" src=\"https:\/\/puertoquequenstore.com\/wp-content\/uploads\/2022\/06\/rabas-con-panko-01-01.png\" class=\"attachment-large size-large\" alt=\"\" loading=\"lazy\" srcset=\"https:\/\/puertoquequenstore.com\/wp-content\/uploads\/2022\/06\/rabas-con-panko-01-01.png 810w, https:\/\/puertoquequenstore.com\/wp-content\/uploads\/2022\/06\/rabas-con-panko-01-01-300x199.png 300w, https:\/\/puertoquequenstore.com\/wp-content\/uploads\/2022\/06\/rabas-con-panko-01-01-768x510.png 768w, https:\/\/puertoquequenstore.com\/wp-content\/uploads\/2022\/06\/rabas-con-panko-01-01-600x399.png 600w\" sizes=\"(max-width: 800px) 100vw, 800px\" \/>\t\t\t\t\t\t\t\t\t\t\t\t\t\t\t<\/div>\n\t\t\t\t<\/div>\n\t\t\t\t\t<\/div>\n\t\t<\/div>\n\t\t\t\t\t\t\t<\/div>\n\t\t<\/section>\n\t\t\t\t<section class=\"elementor-section elementor-top-section elementor-element elementor-element-4af4efd elementor-section-boxed elementor-section-height-default elementor-section-height-default\" data-id=\"4af4efd\" data-element_type=\"section\" id=\"parrillada\">\n\t\t\t\t\t\t<div class=\"elementor-container elementor-column-gap-default\">\n\t\t\t\t\t<div class=\"elementor-column elementor-col-100 elementor-top-column elementor-element elementor-element-d9b51f6\" data-id=\"d9b51f6\" data-element_type=\"column\">\n\t\t\t<div class=\"elementor-widget-wrap elementor-element-populated\">\n\t\t\t\t\t\t\t\t<div class=\"elementor-element elementor-element-f53d7ac elementor-widget elementor-widget-heading\" data-id=\"f53d7ac\" data-element_type=\"widget\" data-widget_type=\"heading.default\">\n\t\t\t\t<div class=\"elementor-widget-container\">\n\t\t\t<h2 class=\"elementor-heading-title elementor-size-default\"><a href=\"https:\/\/puertoquequenstore.com\/index.php\/tienda-2\/#pesca\">parrillada de Mar<\/a><\/h2>\t\t<\/div>\n\t\t\t\t<\/div>\n\t\t\t\t\t<\/div>\n\t\t<\/div>\n\t\t\t\t\t\t\t<\/div>\n\t\t<\/section>\n\t\t\t\t<section class=\"elementor-section elementor-top-section elementor-element elementor-element-08aa585 elementor-section-boxed elementor-section-height-default elementor-section-height-default\" data-id=\"08aa585\" data-element_type=\"section\">\n\t\t\t\t\t\t<div class=\"elementor-container elementor-column-gap-default\">\n\t\t\t\t\t<div class=\"elementor-column elementor-col-50 elementor-top-column elementor-element elementor-element-990b7fa\" data-id=\"990b7fa\" data-element_type=\"column\">\n\t\t\t<div class=\"elementor-widget-wrap elementor-element-populated\">\n\t\t\t\t\t\t\t\t<div class=\"elementor-element elementor-element-a35ce26 elementor-widget elementor-widget-text-editor\" data-id=\"a35ce26\" data-element_type=\"widget\" data-widget_type=\"text-editor.default\">\n\t\t\t\t<div class=\"elementor-widget-container\">\n\t\t\t\t\t\t\t<p class=\"_04xlpA direction-ltr align-center para-style-body\"><span class=\"JsGRdQ\">INGREDIENTES<\/span><\/p><ul><li><span class=\"JsGRdQ\">Pulpo 1<\/span><\/li><li><span class=\"JsGRdQ\">Calamar 1 kilo<\/span><\/li><li><span class=\"JsGRdQ\">Langostino 1 kilo<\/span><\/li><li><span class=\"JsGRdQ\">1 Penca de Salm\u00f3n Rosado o Truch\u00f3n Patag\u00f3nico<\/span><\/li><li><span class=\"JsGRdQ\">Aceite de oliva<\/span><\/li><\/ul><p class=\"_04xlpA direction-ltr align-center para-style-body\"><span class=\"JsGRdQ\">Para la manteca:<\/span><\/p><ul><li><span class=\"JsGRdQ\">Manteca 1 pan<\/span><\/li><li><span class=\"JsGRdQ\">Azafr\u00e1n 2 c\u00e1psulas<\/span><\/li><li><span class=\"JsGRdQ\">Lim\u00f3n 1<\/span><\/li><\/ul><p class=\"_04xlpA direction-ltr align-center para-style-body\"><span class=\"JsGRdQ\">\u00a0<\/span><\/p><p class=\"_04xlpA direction-ltr align-center para-style-body\"><span class=\"JsGRdQ\">Cocinar los calamares y langostinos<\/span><span class=\"JsGRdQ\"> directamente a la parrilla con sal y pimienta.<\/span><\/p><p class=\"_04xlpA direction-ltr align-center para-style-body\"><span class=\"JsGRdQ\">Para el pulpo<\/span><span class=\"JsGRdQ\">, hervirlo en un caldo de pescado por 5 minutos y cocinar a la parrilla tambi\u00e9n adobado en oliva y con sal y pimienta.<\/span><\/p><p class=\"_04xlpA direction-ltr align-center para-style-body\"><span class=\"JsGRdQ\">Para el salm\u00f3n o Truch\u00f3n<\/span><span class=\"JsGRdQ\"> apoyarlo sobre un foil de aluminio y condimentar<\/span><\/p><p class=\"_04xlpA direction-ltr align-center para-style-body\"><span class=\"JsGRdQ\">Cocinar por unos minutos a la parrilla<\/span><span class=\"JsGRdQ\"> hasta que est\u00e9 cocido.<\/span><\/p><p class=\"_04xlpA direction-ltr align-center para-style-body\"><span class=\"JsGRdQ\">Para la manteca,<\/span><span class=\"JsGRdQ\"> mezclar a temperatura ambiente con azafr\u00e1n y ralladura de lim\u00f3n m\u00e1s sal y pimienta. Reservar en freezer. Derretir sobre los mariscos y pescado antes de servir.<\/span><\/p>\t\t\t\t\t\t<\/div>\n\t\t\t\t<\/div>\n\t\t\t\t\t<\/div>\n\t\t<\/div>\n\t\t\t\t<div class=\"elementor-column elementor-col-50 elementor-top-column elementor-element elementor-element-a1045d3\" data-id=\"a1045d3\" data-element_type=\"column\">\n\t\t\t<div class=\"elementor-widget-wrap elementor-element-populated\">\n\t\t\t\t\t\t\t\t<div class=\"elementor-element elementor-element-5dcfb0b elementor-widget elementor-widget-image\" data-id=\"5dcfb0b\" data-element_type=\"widget\" data-widget_type=\"image.default\">\n\t\t\t\t<div class=\"elementor-widget-container\">\n\t\t\t\t\t\t\t\t\t\t\t\t\t\t\t<img width=\"800\" height=\"566\" src=\"https:\/\/puertoquequenstore.com\/wp-content\/uploads\/2022\/07\/Untitled-design-80.png\" class=\"attachment-large size-large\" alt=\"\" loading=\"lazy\" srcset=\"https:\/\/puertoquequenstore.com\/wp-content\/uploads\/2022\/07\/Untitled-design-80.png 1000w, https:\/\/puertoquequenstore.com\/wp-content\/uploads\/2022\/07\/Untitled-design-80-300x212.png 300w, https:\/\/puertoquequenstore.com\/wp-content\/uploads\/2022\/07\/Untitled-design-80-768x543.png 768w, https:\/\/puertoquequenstore.com\/wp-content\/uploads\/2022\/07\/Untitled-design-80-600x424.png 600w\" sizes=\"(max-width: 800px) 100vw, 800px\" \/>\t\t\t\t\t\t\t\t\t\t\t\t\t\t\t<\/div>\n\t\t\t\t<\/div>\n\t\t\t\t\t<\/div>\n\t\t<\/div>\n\t\t\t\t\t\t\t<\/div>\n\t\t<\/section>\n\t\t\t\t\t\t\t<\/div>\n\t\t","protected":false},"excerpt":{"rendered":"<p>REcetas ensalada de camarones con palta Ensalada de Camarones con PaltaIngredientes:&#8211; 1 taza de camarones cocidos y pelados&#8211; \u00bd taza de coco rallado&#8211; \u00bd taza de pan rallado&#8211; 1 taza de harina&#8211; 3 Huevos \u00a0&#8211; Aceite para fre\u00edr\uf0b7 En un plato hondo, pon harina y en otro el pan rallado mezclado conel coco.\uf0b7 En otro [&hellip;]<\/p>\n","protected":false},"author":2,"featured_media":0,"parent":0,"menu_order":0,"comment_status":"closed","ping_status":"closed","template":"elementor_canvas","meta":{"om_disable_all_campaigns":false,"_monsterinsights_skip_tracking":false,"_monsterinsights_sitenote_active":false,"_monsterinsights_sitenote_note":"","_monsterinsights_sitenote_category":0},"_links":{"self":[{"href":"https:\/\/puertoquequenstore.com\/index.php\/wp-json\/wp\/v2\/pages\/1374"}],"collection":[{"href":"https:\/\/puertoquequenstore.com\/index.php\/wp-json\/wp\/v2\/pages"}],"about":[{"href":"https:\/\/puertoquequenstore.com\/index.php\/wp-json\/wp\/v2\/types\/page"}],"author":[{"embeddable":true,"href":"https:\/\/puertoquequenstore.com\/index.php\/wp-json\/wp\/v2\/users\/2"}],"replies":[{"embeddable":true,"href":"https:\/\/puertoquequenstore.com\/index.php\/wp-json\/wp\/v2\/comments?post=1374"}],"version-history":[{"count":28,"href":"https:\/\/puertoquequenstore.com\/index.php\/wp-json\/wp\/v2\/pages\/1374\/revisions"}],"predecessor-version":[{"id":1906,"href":"https:\/\/puertoquequenstore.com\/index.php\/wp-json\/wp\/v2\/pages\/1374\/revisions\/1906"}],"wp:attachment":[{"href":"https:\/\/puertoquequenstore.com\/index.php\/wp-json\/wp\/v2\/media?parent=1374"}],"curies":[{"name":"wp","href":"https:\/\/api.w.org\/{rel}","templated":true}]}}